factor of 162 and 247413501?
27
Calculate the highest common divisor of 920 and 94486392.
184
What is the greatest common factor of 39069154 and 7582?
446
Calculate the greatest common divisor of 6289 and 606442.
19
Calculate the highest common factor of 10248749 and 2107.
301
What is the greatest common factor of 1427869 and 10784?
337
Calculate the greatest common factor of 3618 and 442803.
201
What is the highest common divisor of 314 and 1607476214?
314
Calculate the highest common factor of 140 and 58301215.
35
What is the greatest common divisor of 12072 and 23439297?
1509
Calculate the highest common factor of 18721 and 1300048.
193
What is the greatest common factor of 25476 and 1177416?
12
What is the greatest common divisor of 8268 and 42288?
12
Calculate the highest common factor of 222 and 232673760.
222
Calculate the greatest common factor of 2518468 and 128.
4
Calculate the greatest common factor of 615 and 269715.
15
Calculate the greatest common factor of 54 and 2980266.
6
What is the highest common divisor of 6 and 207371074?
2
What is the highest common factor of 736006 and 130301?
229
Calculate the highest common factor of 63 and 538114437.
63
What is the highest common divisor of 55543 and 12127?
67
What is the highest common divisor of 229594928 and 6341?
6341
Calculate the highest common divisor of 18688 and 292876.
292
Calculate the greatest common factor of 15310242 and 82401.
681
Calculate the greatest common factor of 51428925 and 50.
25
Calculate the highest common divisor of 4728 and 12243747.
591
What is the greatest common factor of 1998 and 6339?
3
What is the greatest common divisor of 55517 and 625779?
539
Calculate the greatest common factor of 1357594 and 32242.
686
What is the highest common divisor of 780 and 153847980?
780
What is the greatest common divisor of 56 and 14826868?
28
What is the greatest common factor of 13270168 and 212628?
5452
What is the highest common factor of 239 and 2772462857?
239
What is the greatest common factor of 77529 and 2636631?
129
Calculate the greatest common divisor of 384 and 5951680.
64
What is the greatest common divisor of 1160 and 117268750?
290
What is the greatest common divisor of 6164 and 239200?
92
What is the highest common divisor of 92178 and 85212?
162
Calculate the greatest common divisor of 15511461 and 1002.
501
Calculate the highest common divisor of 7132374 and 648.
162
Calculate the greatest common factor of 10330 and 26080.
10
Calculate the highest common factor of 255744 and 154944.
576
Calculate the greatest common divisor of 70 and 6484284.
2
Calculate the greatest common divisor of 1056 and 139458.
66
Calculate the highest common divisor of 36028925 and 92.
23
What is the greatest common divisor of 348809 and 1525462?
149
Calculate the greatest common factor of 15 and 317784855.
15
What is the highest common divisor of 7341156 and 9?
9
Calculate the greatest common divisor of 333158653 and 2446.
1223
What is the greatest common divisor of 34989 and 1668245?
109
What is the greatest common factor of 1074 and 43953?
3
Calculate the highest common factor of 147280536 and 96.
24
What is the greatest common divisor of 57536 and 335296?
1984
Calculate the greatest common factor of 229801 and 212641.
143
What is the greatest common divisor of 2512 and 6416?
16
Calculate the highest common divisor of 8106386 and 386.
386
Calculate the greatest common divisor of 158887 and 519790.
59
What is the greatest common factor of 34749598 and 680?
34
What is the greatest common divisor of 57790245 and 15?
15
Calculate the greatest common divisor of 281064 and 231672.
1176
What is the highest common factor of 1770 and 34389?
3
What is the highest common divisor of 33435600 and 16830?
5610
What is the highest common divisor of 40368 and 153352?
232
Calculate the highest common divisor of 177517810 and 4.
2
Calculate the highest common factor of 89950 and 81726.
514
What is the greatest common factor of 2895 and 340680705?
2895
Calculate the greatest common divisor of 5383 and 2000467.
7
Calculate the greatest common divisor of 447 and 1202026359.
447
What is the highest common divisor of 27727068 and 16915?
3383
What is the greatest common factor of 9884869 and 591?
197
Calculate the highest common divisor of 12728 and 219962114.
3182
Calculate the highest common factor of 84255073 and 291.
97
What is the greatest common factor of 44788370 and 306?
34
What is the highest common factor of 135 and 135895095?
45
Calculate the greatest common divisor of 328509598 and 46.
46
Calculate the greatest common divisor of 114 and 70766450.
38
Calculate the highest common factor of 8501573 and 10363.
43
Calculate the highest common factor of 109830 and 115815.
105
What is the greatest common factor of 4479124 and 182?
26
Calculate the greatest common factor of 781 and 40240244.
781
What is the greatest common divisor of 36395072 and 56?
56
Calculate the greatest common factor of 3330376 and 112.
56
Calculate the highest common factor of 7365540 and 82005.
7455
Calculate the highest common divisor of 12552 and 1524.
12
What is the highest common factor of 1656 and 47944098?
414
Calculate the greatest common factor of 4212195 and 60.
15
What is the greatest common divisor of 97412 and 55216?
28
What is the greatest common factor of 725261 and 3091?
281
Calculate the highest common factor of 51418 and 998822.
1094
Calculate the highest common factor of 141 and 419038182.
141
What is the greatest common divisor of 486 and 35459154?
54
What is the greatest common factor of 7167705 and 75?
15
Calculate the greatest common divisor of 302807 and 1418210.
3833
What is the greatest common factor of 267004122 and 154?
154
What is the greatest common divisor of 37925 and 90095?
185
What is the highest common factor of 83805 and 1515?
15
What is the greatest common divisor of 1558095 and 305655?
7455
What is the highest common divisor of 648 and 91320?
24
What is the highest common factor of 1411 and 113866?
17
What is the greatest common factor of 41655 and 664613856?
8331
Calculate the highest common factor of 764 and 196478453.
191
Calculate the highest common factor of 6165 and 327160521.
1233
What is the highest common divisor of 1587 and 2128857?
69
Calculate the greatest common factor of 28 and 19718132.
28
What is the highest common divisor of 110216960 and 5376?
1792
Calculate the highest common factor of 8152 and 354308338.
2038
Calculate the greatest common factor of 1562 and 2069342.
22
Calculate the highest common factor of 4 and 1967593.
1
What is the greatest common factor of 43418 and 16388?
34
Calculate the greatest common factor of 45316499 and 223.
223
Calculate the greatest common factor of 5198490 and 810.
90
What is the greatest common divisor of 5354278 and 4210?
842
What is the highest common divisor of 13 and 426952409?
13
What is the greatest common factor of 68962325 and 129?
43
Calculate the highest common divisor of 9781 and 1154.
1
What is the highest common factor of 989 and 91977?
989
What is the greatest common divisor of 29561 and 217021?
721
Calculate the greatest common divisor of 21175995 and 3096.
129
What is the greatest common factor of 60 and 2429550?
30
Calculate the greatest common factor of 277642798 and 7432.
1858
What is the highest common factor of 907 and 59639785?
907
Calculate the highest common factor of 39 and 107725371.
39
What is the highest common divisor of 4958 and 189520?
2
What is the greatest common factor of 22498 and 5614?
14
What is the highest common factor of 450701 and 622332?
59
What is the greatest common divisor of 7191 and 42379759?
799
What is the greatest common divisor of 2623 and 571732687?
2623
What is the greatest common factor of 50 and 51760550?
50
Calculate the highest common divisor of 7344 and 34786692.
1836
Calculate the highest common factor of 52 and 12909364.
52
Calculate the highest common factor of 59243340 and 780.
780
What is the highest common divisor of 1628 and 1191114804?
1628
What is the greatest common divisor of 10246 and 802022?
218
Calculate the highest common divisor of 645852387 and 3288.
411
Calculate the greatest common factor of 29498196 and 1365.
273
What is the highest common divisor 